{"id":45,"date":"2020-04-06T06:57:55","date_gmt":"2020-04-06T06:57:55","guid":{"rendered":"http:\/\/auferstehung.org\/?page_id=45"},"modified":"2020-04-06T07:02:13","modified_gmt":"2020-04-06T07:02:13","slug":"aufruf-zu-einer-dekade-der-auferstehung","status":"publish","type":"page","link":"https:\/\/auferstehung.org\/?page_id=45","title":{"rendered":"Aufruf zu einer Dekade der Auferstehung"},"content":{"rendered":"\n<h1><strong>Aufruf zu einer Dekade der Auferstehung<\/strong><\/h1>\n\n\n\n<h1><strong>2021-2030\u00a0\u00a0 oder 2023-2033<\/strong><\/h1>\n\n\n\n<p><strong>Christus ist auferstanden!<\/strong><\/p>\n\n\n\n<p><strong>\u2013<\/strong><\/p>\n\n\n\n<p><strong>Er ist wahrhaftig auferstanden!<\/strong><\/p>\n\n\n\n<p><strong>Halleluja!<\/strong><\/p>\n\n\n\n<p><strong>Gr\u00fcnde<\/strong> f\u00fcr eine Dekade der Auferstehung<\/p>\n\n\n\n<ul><li>Wir brauchen einen gemeinsamen Aufbruch zu einem neuen Ufer, einen gemeinsamen Aufstand f\u00fcr das Leben und den gemeinsamen Aufbau einer globalen Solidarit\u00e4t aller Menschen.<\/li><\/ul>\n\n\n\n<ul><li>Ostern 2030 oder 2033 ist das 2.000 Ostern nach der Kreuzigung und Auferstehung Christi. Wir laden alle Christinnen und Christen ein dieses Jahr besonders vorzubereiten.<\/li><\/ul>\n\n\n\n<ul><li>Auferstehung ist die zentrale Hoffnungsbotschaft f\u00fcr uns Menschen:<\/li><li>Sie gibt uns Kraft, Hoffnung und Zuversicht.<\/li><\/ul>\n\n\n\n<p><strong>Sinn <\/strong>der Dekade der Auferstehung<\/p>\n\n\n\n<p>\u2022 Sie motiviert:&nbsp;&nbsp;&nbsp;&nbsp;&nbsp;&nbsp;&nbsp;&nbsp;&nbsp;&nbsp;&nbsp; Zu spirituellem und politischem Handeln<\/p>\n\n\n\n<p>\u2022 Sie befreit:\u00a0\u00a0\u00a0\u00a0\u00a0\u00a0\u00a0\u00a0\u00a0\u00a0\u00a0\u00a0\u00a0\u00a0\u00a0\u00a0 <\/p>\n\n\n\n<p><strong>B<\/strong>ewegt 2000 Jahre Auferstehung Christus<\/p>\n\n\n\n<p><strong>E<\/strong>rinnert an 2000 Jahre Kreuzigung und Tod Jesu<\/p>\n\n\n\n<p><strong>F<\/strong>eiert 2000 Jahre Einsetzung des Abendmahls<\/p>\n\n\n\n<p><strong>R<\/strong>eflektiert 2000 Jahre Kirche<\/p>\n\n\n\n<p><strong>E<\/strong>rlebt 2000 Jahre Ausgie\u00dfung des Heiligen Geistes<\/p>\n\n\n\n<p><strong>I<\/strong>nterpretiert 2000 Jahre Himmelfahrt Jesus<\/p>\n\n\n\n<p><strong>T<\/strong>r\u00e4umt 2000 Jahre Wiederkommenserwartung Christi<\/p>\n\n\n\n<p>\u2022 Sie ver\u00e4ndert:&nbsp;&nbsp;&nbsp;&nbsp;&nbsp;&nbsp;&nbsp;&nbsp;&nbsp;&nbsp; Uns selbst, die Kirche und die Welt<\/p>\n\n\n\n<p>Was ist <strong>hilfreich<\/strong> f\u00fcr die Dekade der Auferstehung?<\/p>\n\n\n\n<ul><li>Gemeinsame Netzwerke aller Christinnen und Christen<\/li><li>Starke Zentren: Gemeinde vor Ort, kirchliche Gremien und Werke<\/li><li>Breite Wirkung: \u00d6ffentlichkeitsarbeit und dort hin gehen, wo die Menschen sind<\/li><li>Ausstrahlende Events: &nbsp;Gemeinsamer Start und Zielpunkt!<\/li><\/ul>\n\n\n\n<p>Wen wollen wir erreichen?<\/p>\n\n\n\n<ul><li>den\/die Einzelne*n<\/li><li>Gemeinde vor Ort<\/li><li>Kirchen<\/li><li>Konfessionen<\/li><li>Gremien<\/li><li>Werke<\/li><\/ul>\n\n\n\n<p>Wie geht\u2019s weiter?<\/p>\n\n\n\n<p>\u2022 Aufruf zu Ostern 2020 ver\u00f6ffentlichen<\/p>\n\n\n\n<p>\u2022 Eine Website aufbauen<\/p>\n\n\n\n<p>\u2022 In m\u00f6glichst viele Sprachen \u00fcbersetzen<\/p>\n\n\n\n<p>\u2022 Mitstreiter*innen und Unterst\u00fctzer*innen finden<\/p>\n\n\n\n<p>\u2022 Kl\u00e4rung, in welchem Jahr gefeiert werden soll<\/p>\n\n\n\n<p>Palmsonntag 2020<\/p>\n\n\n\n<p>Mitwirkende der <em>#glaubengemeinsam<\/em> Hackathon-Gruppe<\/p>\n\n\n\n<ul><li>Achim Strehlke<\/li><li>Barbara B\u00fcchte<\/li><li>Eberhard Licht<\/li><li>Frederik Gr\u00fcneberg<\/li><\/ul>\n\n\n\n<p>Kontakt: &nbsp;&nbsp;&nbsp;&nbsp;&nbsp;&nbsp;&nbsp;&nbsp;&nbsp; &nbsp;&nbsp;&nbsp;&nbsp;&nbsp;&nbsp;&nbsp;&nbsp;&nbsp;&nbsp;&nbsp;&nbsp;&nbsp; Achim Strehlke<br>Telefon +49 160 9725 3146<\/p>\n\n\n\n<p>&nbsp;&nbsp;&nbsp;&nbsp;&nbsp;&nbsp;&nbsp;&nbsp;&nbsp;&nbsp;&nbsp;&nbsp;&nbsp;&nbsp;&nbsp;&nbsp;&nbsp;&nbsp;&nbsp;&nbsp;&nbsp;&nbsp;&nbsp;&nbsp;&nbsp;&nbsp;&nbsp;&nbsp; Koppelsberg 11, 24306 Pl\u00f6n<\/p>\n\n\n\n<p>&nbsp;&nbsp;&nbsp;&nbsp;&nbsp;&nbsp;&nbsp;&nbsp;&nbsp;&nbsp;&nbsp;&nbsp;&nbsp;&nbsp;&nbsp;&nbsp;&nbsp;&nbsp;&nbsp;&nbsp;&nbsp;&nbsp;&nbsp;&nbsp;&nbsp;&nbsp;&nbsp; <a href=\"mailto:strehlke@pastor.de\">strehlke@pastor.de<\/a><\/p>\n\n\n\n<p>&nbsp;&nbsp;&nbsp;&nbsp;&nbsp;&nbsp;&nbsp;&nbsp;&nbsp;&nbsp;&nbsp;&nbsp;&nbsp;&nbsp;&nbsp;&nbsp;&nbsp;&nbsp;&nbsp;&nbsp;&nbsp;&nbsp;&nbsp;&nbsp;&nbsp;&nbsp;&nbsp; <a href=\"http:\/\/www.auferstehung.org\">www.auferstehung.org<\/a><\/p>\n","protected":false},"excerpt":{"rendered":"<p>Aufruf zu einer Dekade der Auferstehung 2021-2030\u00a0\u00a0 oder 2023-2033 Christus ist auferstanden! \u2013 Er ist wahrhaftig auferstanden! Halleluja! Gr\u00fcnde f\u00fcr eine Dekade der Auferstehung Wir brauchen einen gemeinsamen Aufbruch zu einem neuen Ufer, einen gemeinsamen Aufstand f\u00fcr das Leben und den gemeinsamen Aufbau einer globalen Solidarit\u00e4t aller Menschen. Ostern 2030 oder 2033 ist das 2.000 &hellip; <\/p>\n<p class=\"link-more\"><a href=\"https:\/\/auferstehung.org\/?page_id=45\" class=\"more-link\"><span class=\"screen-reader-text\">\u201eAufruf zu einer Dekade der Auferstehung\u201c<\/span> weiterlesen<\/a><\/p>\n","protected":false},"author":1,"featured_media":0,"parent":0,"menu_order":0,"comment_status":"closed","ping_status":"closed","template":"","meta":[],"_links":{"self":[{"href":"https:\/\/auferstehung.org\/index.php?rest_route=\/wp\/v2\/pages\/45"}],"collection":[{"href":"https:\/\/auferstehung.org\/index.php?rest_route=\/wp\/v2\/pages"}],"about":[{"href":"https:\/\/auferstehung.org\/index.php?rest_route=\/wp\/v2\/types\/page"}],"author":[{"embeddable":true,"href":"https:\/\/auferstehung.org\/index.php?rest_route=\/wp\/v2\/users\/1"}],"replies":[{"embeddable":true,"href":"https:\/\/auferstehung.org\/index.php?rest_route=%2Fwp%2Fv2%2Fcomments&post=45"}],"version-history":[{"count":4,"href":"https:\/\/auferstehung.org\/index.php?rest_route=\/wp\/v2\/pages\/45\/revisions"}],"predecessor-version":[{"id":51,"href":"https:\/\/auferstehung.org\/index.php?rest_route=\/wp\/v2\/pages\/45\/revisions\/51"}],"wp:attachment":[{"href":"https:\/\/auferstehung.org\/index.php?rest_route=%2Fwp%2Fv2%2Fmedia&parent=45"}],"curies":[{"name":"wp","href":"https:\/\/api.w.org\/{rel}","templated":true}]}}