{"id":52,"date":"2020-04-06T07:04:18","date_gmt":"2020-04-06T07:04:18","guid":{"rendered":"http:\/\/auferstehung.org\/?page_id=52"},"modified":"2020-04-06T07:05:22","modified_gmt":"2020-04-06T07:05:22","slug":"ziel-vision-unserer-arbeitsgruppe","status":"publish","type":"page","link":"https:\/\/auferstehung.org\/?page_id=52","title":{"rendered":"Ziel \/ Vision unserer Arbeitsgruppe:"},"content":{"rendered":"\n<h2><a>1.<\/a> &nbsp;&nbsp; Wir wollen eine Dekade der Auferstehung!<\/h2>\n\n\n\n<p>Sie kann von 2021-2030 gehen.<br>Ausrufen kann eine Dekade der \u00d6kumenische Rat der Kirchen.<br>Dieser hat seine n\u00e4chste Vollversammlung 2021 in Karlsruhe.<\/p>\n\n\n\n<h2>2. &nbsp;&nbsp; Inhaltlich soll sie gef\u00fcllt werden: mit den Perspektiven der Befreiungstheologie<\/h2>\n\n\n\n<ul><li>Option f\u00fcr die Marginalisierten \/ Armen<\/li><li>Befreiung der Reichen vom Zwang der Anh\u00e4ufung irdischer G\u00fcter<\/li><\/ul>\n\n\n\n<h2>3. &nbsp;&nbsp; Zugleich h\u00e4ngt das \u00dcberleben der Menschheit davon ab, ob uns Menschen in diesem Jahrzehnt entscheidende politische Ver\u00e4nderungen gelingen:<\/h2>\n\n\n\n<ul><li>den Klimawandel stoppen<\/li><li>Klimagerechtigkeit<\/li><li>sozial\u00f6kologische Transformation weltweit<\/li><li>globales Umsteuern auf eine Postwachstums\u00f6konomie<\/li><li>Mehr Regionalisierung, weniger Globalisierung<\/li><li>die UN-Ziele f\u00fcr nachhaltige Entwicklung erreichen<\/li><li>weltweite soziale Gerechtigkeit<\/li><li>Frieden und gewaltfreie Konfliktl\u00f6sung<\/li><li>Partizipation, Demokratie, Wirtschaftsdemokratie,<\/li><li>Vorrang demokratischer Politik vor den Interessen globaler Unternehmen und anderen Wirtschaftsinteressen<\/li><li>Aufstehen \/ Aufstand f\u00fcr das Leben<\/li><\/ul>\n\n\n\n<ul><li>Wie wollen wir in 10 Jahren leben als Christ*innen,<br>damit Gerechtigkeit bl\u00fcht,<br>Friede herrscht<br>und die Sch\u00f6pfung bewahrt wird?<\/li><\/ul>\n\n\n\n<p>Dazu brauchen wir B\u00fcndnispartner:<\/p>\n\n\n\n<p>FFF, Brot f\u00fcr die Welt, Misereor, Missio, Adveniat, Pax Christi, Diakonie, Caritas, Orden, Gemeinschaften, Fakult\u00e4ten, &#8230;<\/p>\n","protected":false},"excerpt":{"rendered":"<p>1. &nbsp;&nbsp; Wir wollen eine Dekade der Auferstehung! Sie kann von 2021-2030 gehen.Ausrufen kann eine Dekade der \u00d6kumenische Rat der Kirchen.Dieser hat seine n\u00e4chste Vollversammlung 2021 in Karlsruhe. 2. &nbsp;&nbsp; Inhaltlich soll sie gef\u00fcllt werden: mit den Perspektiven der Befreiungstheologie Option f\u00fcr die Marginalisierten \/ Armen Befreiung der Reichen vom Zwang der Anh\u00e4ufung irdischer G\u00fcter &hellip; <\/p>\n<p class=\"link-more\"><a href=\"https:\/\/auferstehung.org\/?page_id=52\" class=\"more-link\"><span class=\"screen-reader-text\">\u201eZiel \/ Vision unserer Arbeitsgruppe:\u201c<\/span> weiterlesen<\/a><\/p>\n","protected":false},"author":1,"featured_media":0,"parent":0,"menu_order":0,"comment_status":"closed","ping_status":"closed","template":"","meta":[],"_links":{"self":[{"href":"https:\/\/auferstehung.org\/index.php?rest_route=\/wp\/v2\/pages\/52"}],"collection":[{"href":"https:\/\/auferstehung.org\/index.php?rest_route=\/wp\/v2\/pages"}],"about":[{"href":"https:\/\/auferstehung.org\/index.php?rest_route=\/wp\/v2\/types\/page"}],"author":[{"embeddable":true,"href":"https:\/\/auferstehung.org\/index.php?rest_route=\/wp\/v2\/users\/1"}],"replies":[{"embeddable":true,"href":"https:\/\/auferstehung.org\/index.php?rest_route=%2Fwp%2Fv2%2Fcomments&post=52"}],"version-history":[{"count":3,"href":"https:\/\/auferstehung.org\/index.php?rest_route=\/wp\/v2\/pages\/52\/revisions"}],"predecessor-version":[{"id":56,"href":"https:\/\/auferstehung.org\/index.php?rest_route=\/wp\/v2\/pages\/52\/revisions\/56"}],"wp:attachment":[{"href":"https:\/\/auferstehung.org\/index.php?rest_route=%2Fwp%2Fv2%2Fmedia&parent=52"}],"curies":[{"name":"wp","href":"https:\/\/api.w.org\/{rel}","templated":true}]}}

<h2><a>1.</a> &nbsp;&nbsp; Wir wollen eine Dekade der Auferstehung!</h2>



<p>Sie kann von 2021-2030 gehen.<br>Ausrufen kann eine Dekade der Ökumenische Rat der Kirchen.<br>Dieser hat seine nächste Vollversammlung 2021 in Karlsruhe.</p>



<h2>2. &nbsp;&nbsp; Inhaltlich soll sie gefüllt werden: mit den Perspektiven der Befreiungstheologie</h2>



<ul><li>Option für die Marginalisierten / Armen</li><li>Befreiung der Reichen vom Zwang der Anhäufung irdischer Güter</li></ul>



<h2>3. &nbsp;&nbsp; Zugleich hängt das Überleben der Menschheit davon ab, ob uns Menschen in diesem Jahrzehnt entscheidende politische Veränderungen gelingen:</h2>



<ul><li>den Klimawandel stoppen</li><li>Klimagerechtigkeit</li><li>sozialökologische Transformation weltweit</li><li>globales Umsteuern auf eine Postwachstumsökonomie</li><li>Mehr Regionalisierung, weniger Globalisierung</li><li>die UN-Ziele für nachhaltige Entwicklung erreichen</li><li>weltweite soziale Gerechtigkeit</li><li>Frieden und gewaltfreie Konfliktlösung</li><li>Partizipation, Demokratie, Wirtschaftsdemokratie,</li><li>Vorrang demokratischer Politik vor den Interessen globaler Unternehmen und anderen Wirtschaftsinteressen</li><li>Aufstehen / Aufstand für das Leben</li></ul>



<ul><li>Wie wollen wir in 10 Jahren leben als Christ*innen,<br>damit Gerechtigkeit blüht,<br>Friede herrscht<br>und die Schöpfung bewahrt wird?</li></ul>



<p>Dazu brauchen wir Bündnispartner:</p>



<p>FFF, Brot für die Welt, Misereor, Missio, Adveniat, Pax Christi, Diakonie, Caritas, Orden, Gemeinschaften, Fakultäten, &#8230;</p>

<p>1. &nbsp;&nbsp; Wir wollen eine Dekade der Auferstehung! Sie kann von 2021-2030 gehen.Ausrufen kann eine Dekade der Ökumenische Rat der Kirchen.Dieser hat seine nächste Vollversammlung 2021 in Karlsruhe. 2. &nbsp;&nbsp; Inhaltlich soll sie gefüllt werden: mit den Perspektiven der Befreiungstheologie Option für die Marginalisierten / Armen Befreiung der Reichen vom Zwang der Anhäufung irdischer Güter &hellip; </p>
<p class="link-more"><a href="https://auferstehung.org/?page_id=52" class="more-link"><span class="screen-reader-text">„Ziel / Vision unserer Arbeitsgruppe:“</span> weiterlesen</a></p>
