{"id":60,"date":"2020-04-06T07:08:45","date_gmt":"2020-04-06T07:08:45","guid":{"rendered":"http:\/\/auferstehung.org\/?page_id=60"},"modified":"2020-04-06T07:48:44","modified_gmt":"2020-04-06T07:48:44","slug":"fragen-die-zu-klaeren-und-zu-bearbeiten-sind","status":"publish","type":"page","link":"https:\/\/auferstehung.org\/?page_id=60","title":{"rendered":"Fragen, die zu kl\u00e4ren und zu bearbeiten sind:"},"content":{"rendered":"\n<p>Hier finden sich eine Reihe Fragen, die noch Ideen und Nachdenken erfordern, damit die Idee einer Dekade der Auferstehung zu einem stimmigen Konzept wird.<\/p>\n\n\n\n<p><a href=\"http:\/\/auferstehung.org\/?page_id=63\">1. Welche Themen sollen in einer Auferstehungsdekade vorkommen?<\/a><\/p>\n\n\n\n<p><a href=\"http:\/\/auferstehung.org\/?page_id=66\">2. Welche 20 Fragen m\u00f6chte ich gerne in den 10 Jahren vor dem Auferstehungsjubil\u00e4um bedenken?<\/a><\/p>\n\n\n\n<p><a href=\"http:\/\/auferstehung.org\/?page_id=69\">3. Von welchen 20 Fragen w\u00fcnsche ich mir, dass die Menschen, die Gemeinden, Kirchen, die \u00d6kumene sich ihnen stellen und sie bedenken?<\/a><\/p>\n\n\n\n<p><a href=\"http:\/\/auferstehung.org\/?page_id=72\">4. Wir feiern im Jahr 2030 (Oder 2033) mindestens 6 2000-Jahres-Jubil\u00e4en:<\/a><\/p>\n\n\n\n<p><a href=\"http:\/\/auferstehung.org\/?page_id=75\">5. Wie werden wir in 10 Jahren leben als Christ, damit Gerechtigkeit bl\u00fcht, Friede herrscht und die Sch\u00f6pfung bewahrt wird?<\/a><\/p>\n\n\n\n<p><a href=\"http:\/\/auferstehung.org\/?page_id=78\">6. Wie verstehen wir insbesondere die Bedeutung des Kreuzes, des Foltertodes Jesu? Im Verh\u00e4ltnis zu seiner Auferstehung?<\/a><\/p>\n\n\n\n<p><a href=\"http:\/\/auferstehung.org\/?page_id=81\">7. Sollen die Themen (siehe Punkt 1,2,3) auf die einzelnen Jahre der Dekade verteilt werden? Soll es Jahresthemen geben?<\/a><\/p>\n\n\n\n<p><a href=\"http:\/\/auferstehung.org\/?page_id=84\">8. Die besondere Bedeutung der Jahre 2027, 2028, 2029<\/a><\/p>\n\n\n\n<p><a href=\"http:\/\/auferstehung.org\/?page_id=87\">9. Das Jahr danach: 2031: Das Jahr der Urgemeinde<\/a><\/p>\n\n\n\n<p><a href=\"http:\/\/auferstehung.org\/?page_id=90\">10. Nochmal zu kl\u00e4ren: Die Datumsfrage<\/a><\/p>\n","protected":false},"excerpt":{"rendered":"<p>Hier finden sich eine Reihe Fragen, die noch Ideen und Nachdenken erfordern, damit die Idee einer Dekade der Auferstehung zu einem stimmigen Konzept wird. 1. Welche Themen sollen in einer Auferstehungsdekade vorkommen? 2. Welche 20 Fragen m\u00f6chte ich gerne in den 10 Jahren vor dem Auferstehungsjubil\u00e4um bedenken? 3. Von welchen 20 Fragen w\u00fcnsche ich mir, &hellip; <\/p>\n<p class=\"link-more\"><a href=\"https:\/\/auferstehung.org\/?page_id=60\" class=\"more-link\"><span class=\"screen-reader-text\">\u201eFragen, die zu kl\u00e4ren und zu bearbeiten sind:\u201c<\/span> weiterlesen<\/a><\/p>\n","protected":false},"author":1,"featured_media":0,"parent":0,"menu_order":0,"comment_status":"closed","ping_status":"closed","template":"","meta":[],"_links":{"self":[{"href":"https:\/\/auferstehung.org\/index.php?rest_route=\/wp\/v2\/pages\/60"}],"collection":[{"href":"https:\/\/auferstehung.org\/index.php?rest_route=\/wp\/v2\/pages"}],"about":[{"href":"https:\/\/auferstehung.org\/index.php?rest_route=\/wp\/v2\/types\/page"}],"author":[{"embeddable":true,"href":"https:\/\/auferstehung.org\/index.php?rest_route=\/wp\/v2\/users\/1"}],"replies":[{"embeddable":true,"href":"https:\/\/auferstehung.org\/index.php?rest_route=%2Fwp%2Fv2%2Fcomments&post=60"}],"version-history":[{"count":4,"href":"https:\/\/auferstehung.org\/index.php?rest_route=\/wp\/v2\/pages\/60\/revisions"}],"predecessor-version":[{"id":107,"href":"https:\/\/auferstehung.org\/index.php?rest_route=\/wp\/v2\/pages\/60\/revisions\/107"}],"wp:attachment":[{"href":"https:\/\/auferstehung.org\/index.php?rest_route=%2Fwp%2Fv2%2Fmedia&parent=60"}],"curies":[{"name":"wp","href":"https:\/\/api.w.org\/{rel}","templated":true}]}}