{"id":72,"date":"2020-04-06T07:11:21","date_gmt":"2020-04-06T07:11:21","guid":{"rendered":"http:\/\/auferstehung.org\/?page_id=72"},"modified":"2020-04-06T07:11:21","modified_gmt":"2020-04-06T07:11:21","slug":"4-wir-feiern-im-jahr-2030-oder-2033-mindestens-6-2000-jahres-jubilaeen","status":"publish","type":"page","link":"https:\/\/auferstehung.org\/?page_id=72","title":{"rendered":"4. Wir feiern im Jahr 2030 (Oder 2033) mindestens 6 2000-Jahres-Jubil\u00e4en:"},"content":{"rendered":"\n<p>a) Einsetzung des Abendmahls<\/p>\n\n\n\n<p>b) Kreuzigung Jesu<\/p>\n\n\n\n<p>c) Auferstehung\/Auferweckung Jesu<\/p>\n\n\n\n<p>d) Himmelfahrt Jesu<\/p>\n\n\n\n<p>e) Ausgie\u00dfung des Heiligen Geistes<\/p>\n\n\n\n<p>f) Gr\u00fcndung der Kirche.<\/p>\n\n\n\n<p>Wie verstehen wir die Beziehung dieser Ereignisse in der Geschichte Jesu und seiner J\u00fcnger*innen in ihrem Verh\u00e4ltnis zueinander und was bedeutet das f\u00fcr die Begehung und ggf. Feier dieser 6 Jubil\u00e4en ?<\/p>\n\n\n\n<p>Die Auferstehung\/Auferweckung Jesu ist das zentrale Ereignis, ohne das alle anderen keine Bedeutung h\u00e4tten.<\/p>\n\n\n\n<p>Und dann ist da noch der Heilige Geist, der Pfingsten aus einem Haufen gutwilliger Menschen eine begeisterte Truppe macht, die das Brot teilt, das Leiden durchleidet und und die Auferstehung feiert immer wieder.<\/p>\n","protected":false},"excerpt":{"rendered":"<p>a) Einsetzung des Abendmahls b) Kreuzigung Jesu c) Auferstehung\/Auferweckung Jesu d) Himmelfahrt Jesu e) Ausgie\u00dfung des Heiligen Geistes f) Gr\u00fcndung der Kirche. Wie verstehen wir die Beziehung dieser Ereignisse in der Geschichte Jesu und seiner J\u00fcnger*innen in ihrem Verh\u00e4ltnis zueinander und was bedeutet das f\u00fcr die Begehung und ggf. Feier dieser 6 Jubil\u00e4en ? Die &hellip; <\/p>\n<p class=\"link-more\"><a href=\"https:\/\/auferstehung.org\/?page_id=72\" class=\"more-link\"><span class=\"screen-reader-text\">\u201e4. Wir feiern im Jahr 2030 (Oder 2033) mindestens 6 2000-Jahres-Jubil\u00e4en:\u201c<\/span> weiterlesen<\/a><\/p>\n","protected":false},"author":1,"featured_media":0,"parent":0,"menu_order":0,"comment_status":"closed","ping_status":"closed","template":"","meta":[],"_links":{"self":[{"href":"https:\/\/auferstehung.org\/index.php?rest_route=\/wp\/v2\/pages\/72"}],"collection":[{"href":"https:\/\/auferstehung.org\/index.php?rest_route=\/wp\/v2\/pages"}],"about":[{"href":"https:\/\/auferstehung.org\/index.php?rest_route=\/wp\/v2\/types\/page"}],"author":[{"embeddable":true,"href":"https:\/\/auferstehung.org\/index.php?rest_route=\/wp\/v2\/users\/1"}],"replies":[{"embeddable":true,"href":"https:\/\/auferstehung.org\/index.php?rest_route=%2Fwp%2Fv2%2Fcomments&post=72"}],"version-history":[{"count":1,"href":"https:\/\/auferstehung.org\/index.php?rest_route=\/wp\/v2\/pages\/72\/revisions"}],"predecessor-version":[{"id":74,"href":"https:\/\/auferstehung.org\/index.php?rest_route=\/wp\/v2\/pages\/72\/revisions\/74"}],"wp:attachment":[{"href":"https:\/\/auferstehung.org\/index.php?rest_route=%2Fwp%2Fv2%2Fmedia&parent=72"}],"curies":[{"name":"wp","href":"https:\/\/api.w.org\/{rel}","templated":true}]}}