{"id":78,"date":"2020-04-06T07:12:23","date_gmt":"2020-04-06T07:12:23","guid":{"rendered":"http:\/\/auferstehung.org\/?page_id=78"},"modified":"2020-04-06T07:12:23","modified_gmt":"2020-04-06T07:12:23","slug":"6-wie-verstehen-wir-insbesondere-die-bedeutung-des-kreuzes-des-foltertodes-jesu-im-verhaeltnis-zu-seiner-auferstehung","status":"publish","type":"page","link":"https:\/\/auferstehung.org\/?page_id=78","title":{"rendered":"6. Wie verstehen wir insbesondere die Bedeutung des Kreuzes, des Foltertodes Jesu? Im Verh\u00e4ltnis zu seiner Auferstehung?"},"content":{"rendered":"\n<p>Foltertode gab und gibt es viele. In Jesus geht Gott diesen Weg mit.<\/p>\n\n\n\n<p>Martin Luther King jr. und Gandhi haben mir geholfen, das Kreuz zu verstehen.<\/p>\n\n\n\n<p>MLK spricht von &#8222;redemptive suffering&#8220;.<\/p>\n\n\n\n<p>Indem die jungen gewaltfreien schwarzen und wei\u00dfen Aktivist*innen an den Lunchcountern die Gewalt der wei\u00dfen Hooligans ertragen und auf sich nehmen, ber\u00fchren und ver\u00e4ndern sie zugleich die Herzen der Zuschauenden und auch der Angreifenden.<\/p>\n\n\n\n<p>So ebenen sie einen Weg zu Verwandlung und Vers\u00f6hnung.<\/p>\n\n\n\n<p>Christus musste nicht sterben, weil ein gerechter oder gar zornige Gott Gerechtigkeit f\u00fcr die Schuld\/S\u00fcnde der Menschen forderte.<\/p>\n\n\n\n<p>Sondern die Hartherzigkeit von uns Menschen ist so gro\u00df, dass nur das Leiden Jesu unsere gefrorenen Herzen ber\u00fchren und zum Schmelzen bringt und uns so verwandeln kann in liebende Menschen.<\/p>\n\n\n\n<p>Mich spricht dieses Bild eines zu Eis gefrorenen, erstarrten Herzen an, das durch die W\u00e4rme der Liebe, durch die Bereitschaft Leiden zu ertragen um der Liebe willen, erw\u00e4rmt und aufgetaut wird und so selber wieder in die Lage versetzt wird zu lieben.<\/p>\n\n\n\n<p>Nur so kommen wir heraus aus dem Zirkel des &#8222;ICH zuerst!!!&#8220; in die Empathie, das Mitf\u00fchlen mit allen Mitgesch\u00f6pfen, in die Liebe.<\/p>\n","protected":false},"excerpt":{"rendered":"<p>Foltertode gab und gibt es viele. In Jesus geht Gott diesen Weg mit. Martin Luther King jr. und Gandhi haben mir geholfen, das Kreuz zu verstehen. MLK spricht von &#8222;redemptive suffering&#8220;. Indem die jungen gewaltfreien schwarzen und wei\u00dfen Aktivist*innen an den Lunchcountern die Gewalt der wei\u00dfen Hooligans ertragen und auf sich nehmen, ber\u00fchren und ver\u00e4ndern &hellip; <\/p>\n<p class=\"link-more\"><a href=\"https:\/\/auferstehung.org\/?page_id=78\" class=\"more-link\"><span class=\"screen-reader-text\">\u201e6. Wie verstehen wir insbesondere die Bedeutung des Kreuzes, des Foltertodes Jesu? Im Verh\u00e4ltnis zu seiner Auferstehung?\u201c<\/span> weiterlesen<\/a><\/p>\n","protected":false},"author":1,"featured_media":0,"parent":0,"menu_order":0,"comment_status":"closed","ping_status":"closed","template":"","meta":[],"_links":{"self":[{"href":"https:\/\/auferstehung.org\/index.php?rest_route=\/wp\/v2\/pages\/78"}],"collection":[{"href":"https:\/\/auferstehung.org\/index.php?rest_route=\/wp\/v2\/pages"}],"about":[{"href":"https:\/\/auferstehung.org\/index.php?rest_route=\/wp\/v2\/types\/page"}],"author":[{"embeddable":true,"href":"https:\/\/auferstehung.org\/index.php?rest_route=\/wp\/v2\/users\/1"}],"replies":[{"embeddable":true,"href":"https:\/\/auferstehung.org\/index.php?rest_route=%2Fwp%2Fv2%2Fcomments&post=78"}],"version-history":[{"count":1,"href":"https:\/\/auferstehung.org\/index.php?rest_route=\/wp\/v2\/pages\/78\/revisions"}],"predecessor-version":[{"id":80,"href":"https:\/\/auferstehung.org\/index.php?rest_route=\/wp\/v2\/pages\/78\/revisions\/80"}],"wp:attachment":[{"href":"https:\/\/auferstehung.org\/index.php?rest_route=%2Fwp%2Fv2%2Fmedia&parent=78"}],"curies":[{"name":"wp","href":"https:\/\/api.w.org\/{rel}","templated":true}]}}