{"id":84,"date":"2020-04-06T07:14:14","date_gmt":"2020-04-06T07:14:14","guid":{"rendered":"http:\/\/auferstehung.org\/?page_id=84"},"modified":"2020-04-06T07:14:14","modified_gmt":"2020-04-06T07:14:14","slug":"8-die-besondere-bedeutung-der-jahre-2027-2028-2029","status":"publish","type":"page","link":"https:\/\/auferstehung.org\/?page_id=84","title":{"rendered":"8. Die besondere Bedeutung der Jahre 2027, 2028, 2029"},"content":{"rendered":"\n<p>Befreiungstheologisch sehe ich die Befreiungspraxis Jesu als zentral.<br>Sein Leben und seine Predigt d\u00fcrfen wir in der Dekade nicht \u00fcberspringen und direkt zu Kreuz und Auferstehung kommen.<br>Ausgehend von der Annahme (nach Johannes), dass Jesus 3 Jahre lang mit seinen J\u00fcngerinnen und J\u00fcngern durch Galil\u00e4a und Jud\u00e4a gezogen ist, haben die 3 Jahre vor dem Auferstehungsjubil\u00e4um 2030 (oder 2033) ein besonderes Gewicht und Thema:<\/p>\n\n\n\n<p>Die gelebte Befreiungspraxis Jesu:<\/p>\n\n\n\n<ul><li>Sein Ruf in die Nachfolge<\/li><li>Sein heilendes und befreiendes Wirken<\/li><li>Seine Gleichnisse vom Reich Gottes<\/li><li>die Bergpredigt<\/li><li>sein Konflikt mit den Autorit\u00e4ten seiner Zeit<\/li><\/ul>\n\n\n\n<p><\/p>\n","protected":false},"excerpt":{"rendered":"<p>Befreiungstheologisch sehe ich die Befreiungspraxis Jesu als zentral.Sein Leben und seine Predigt d\u00fcrfen wir in der Dekade nicht \u00fcberspringen und direkt zu Kreuz und Auferstehung kommen.Ausgehend von der Annahme (nach Johannes), dass Jesus 3 Jahre lang mit seinen J\u00fcngerinnen und J\u00fcngern durch Galil\u00e4a und Jud\u00e4a gezogen ist, haben die 3 Jahre vor dem Auferstehungsjubil\u00e4um 2030 &hellip; <\/p>\n<p class=\"link-more\"><a href=\"https:\/\/auferstehung.org\/?page_id=84\" class=\"more-link\"><span class=\"screen-reader-text\">\u201e8. Die besondere Bedeutung der Jahre 2027, 2028, 2029\u201c<\/span> weiterlesen<\/a><\/p>\n","protected":false},"author":1,"featured_media":0,"parent":0,"menu_order":0,"comment_status":"closed","ping_status":"closed","template":"","meta":[],"_links":{"self":[{"href":"https:\/\/auferstehung.org\/index.php?rest_route=\/wp\/v2\/pages\/84"}],"collection":[{"href":"https:\/\/auferstehung.org\/index.php?rest_route=\/wp\/v2\/pages"}],"about":[{"href":"https:\/\/auferstehung.org\/index.php?rest_route=\/wp\/v2\/types\/page"}],"author":[{"embeddable":true,"href":"https:\/\/auferstehung.org\/index.php?rest_route=\/wp\/v2\/users\/1"}],"replies":[{"embeddable":true,"href":"https:\/\/auferstehung.org\/index.php?rest_route=%2Fwp%2Fv2%2Fcomments&post=84"}],"version-history":[{"count":1,"href":"https:\/\/auferstehung.org\/index.php?rest_route=\/wp\/v2\/pages\/84\/revisions"}],"predecessor-version":[{"id":86,"href":"https:\/\/auferstehung.org\/index.php?rest_route=\/wp\/v2\/pages\/84\/revisions\/86"}],"wp:attachment":[{"href":"https:\/\/auferstehung.org\/index.php?rest_route=%2Fwp%2Fv2%2Fmedia&parent=84"}],"curies":[{"name":"wp","href":"https:\/\/api.w.org\/{rel}","templated":true}]}}