{"id":90,"date":"2020-04-06T07:18:55","date_gmt":"2020-04-06T07:18:55","guid":{"rendered":"http:\/\/auferstehung.org\/?page_id=90"},"modified":"2020-04-06T07:18:55","modified_gmt":"2020-04-06T07:18:55","slug":"10-nochmal-zu-klaeren-die-datumsfrage","status":"publish","type":"page","link":"https:\/\/auferstehung.org\/?page_id=90","title":{"rendered":"10. Nochmal zu kl\u00e4ren: Die Datumsfrage"},"content":{"rendered":"\n<p>Der Zeitpunkt der Kreuzigung und Auferstehung Jesu wird von den Neutestamentlern Gerd Thei\u00dfen und J\u00fcrgen Becker mit der gr\u00f6\u00dften Wahrscheinlichkeit auf das <strong>Jahr 30<\/strong> datiert. Am zweitwahrscheinlichsten ist das Jahr 33:<\/p>\n\n\n\n<ul><li>J\u00fcrgen Becker, Jesus von Nazaret, Berlin 1996, S. 26ff.<\/li><li>Gerd Thei\u00dfen, Anette Merz, Der historische Jesus. Ein Lehrbuch, 2. Auflage, G\u00f6ttingen 1997, S.152ff.<\/li><\/ul>\n\n\n\n<p>Ich vermute, dass die r\u00f6misch-katholische Kirche und die Freikirchen das Jahr 2033 vorziehen k\u00f6nnten:<\/p>\n\n\n\n<p>Mit der einfachen Rechnung:<\/p>\n\n\n\n<ul><li>Jesu Geburt im Jahr 0,<\/li><li>Auftreten mit 30 im Jahr 30,<\/li><li>Kreuzigung im Jahr 33.<\/li><\/ul>\n\n\n\n<p>Darauf basieren in der katholischen Kirche die au\u00dferordentlichen Heiligen Jahre 1933 und 1983:<br>2. April <a href=\"http:\/\/www.kathpedia.com\/index.php?title=1933\">1933<\/a> bis 2. April <a href=\"http:\/\/www.kathpedia.com\/index.php?title=1934\">1934<\/a> I. Au\u00dferordentliches Heiliges Jahr der Erl\u00f6sung anl\u00e4sslich des 1900-j\u00e4hrigen Osterged\u00e4chtnisses<br><br>25. M\u00e4rz 1983 Fest der <a href=\"http:\/\/www.kathpedia.com\/index.php?title=Verk%C3%BCndigung_des_Herrn\">Verk\u00fcndigung des Herrn<\/a> bis Ostersonntag 22. April 1984, Au\u00dferordentliches Heiliges Jahr der Erl\u00f6sung, anl\u00e4sslich des 1950-j\u00e4hrigen kalendarischen Osterged\u00e4chtnisses.<\/p>\n\n\n\n<p>Im Freikirchlichen Bereich: <a href=\"https:\/\/www.jc2033.world\/en\/\">https:\/\/www.jc2033.world\/en\/<\/a> : Jesus Celebration 2033 is the vision to celebrate 2000 years since Jesus&#8216; resurrection from the dead<\/p>\n\n\n\n<p><strong>Ostern 2030&nbsp; ist Sonntag, 21. April 2030.<\/strong><strong><\/strong><\/p>\n\n\n\n<p><strong>Ostern 2033 ist Sonntag, 17. April 2033.<\/strong><strong><\/strong><\/p>\n\n\n\n<h2>&nbsp;<\/h2>\n","protected":false},"excerpt":{"rendered":"<p>Der Zeitpunkt der Kreuzigung und Auferstehung Jesu wird von den Neutestamentlern Gerd Thei\u00dfen und J\u00fcrgen Becker mit der gr\u00f6\u00dften Wahrscheinlichkeit auf das Jahr 30 datiert. Am zweitwahrscheinlichsten ist das Jahr 33: J\u00fcrgen Becker, Jesus von Nazaret, Berlin 1996, S. 26ff. Gerd Thei\u00dfen, Anette Merz, Der historische Jesus. Ein Lehrbuch, 2. Auflage, G\u00f6ttingen 1997, S.152ff. Ich &hellip; <\/p>\n<p class=\"link-more\"><a href=\"https:\/\/auferstehung.org\/?page_id=90\" class=\"more-link\"><span class=\"screen-reader-text\">\u201e10. Nochmal zu kl\u00e4ren: Die Datumsfrage\u201c<\/span> weiterlesen<\/a><\/p>\n","protected":false},"author":1,"featured_media":0,"parent":0,"menu_order":0,"comment_status":"closed","ping_status":"closed","template":"","meta":[],"_links":{"self":[{"href":"https:\/\/auferstehung.org\/index.php?rest_route=\/wp\/v2\/pages\/90"}],"collection":[{"href":"https:\/\/auferstehung.org\/index.php?rest_route=\/wp\/v2\/pages"}],"about":[{"href":"https:\/\/auferstehung.org\/index.php?rest_route=\/wp\/v2\/types\/page"}],"author":[{"embeddable":true,"href":"https:\/\/auferstehung.org\/index.php?rest_route=\/wp\/v2\/users\/1"}],"replies":[{"embeddable":true,"href":"https:\/\/auferstehung.org\/index.php?rest_route=%2Fwp%2Fv2%2Fcomments&post=90"}],"version-history":[{"count":1,"href":"https:\/\/auferstehung.org\/index.php?rest_route=\/wp\/v2\/pages\/90\/revisions"}],"predecessor-version":[{"id":92,"href":"https:\/\/auferstehung.org\/index.php?rest_route=\/wp\/v2\/pages\/90\/revisions\/92"}],"wp:attachment":[{"href":"https:\/\/auferstehung.org\/index.php?rest_route=%2Fwp%2Fv2%2Fmedia&parent=90"}],"curies":[{"name":"wp","href":"https:\/\/api.w.org\/{rel}","templated":true}]}}